. Let k(m) = 6*m**2 + 13*m + 1. Let c(r) = -k(r) + 5*z(r). Let y be c(-9). Calculate the highest common factor of 7 and y.
7
Let m be 6/(-10) - (2 + 459/(-15)). What is the highest common factor of m and 7?
7
Suppose 10*r + 3*g = 8*r + 285, 5*g = -15. What is the highest common divisor of 21 and r?
21
Let l = -12 + 32. Let y be 507/(-26)*l/(-6). Let b be (2/4)/(1/26). What is the highest common factor of b and y?
13
Let r = 62 + 141. What is the highest common factor of 29 and r?
29
Let f = -32 + 55. What is the greatest common factor of f and 161?
23
Let s = 26 + -16. Suppose -3*x + 250 = x + k, 0 = -3*x + k + 184. Suppose t = 2*v - x, 0 = 4*v - v - t - 92. What is the highest common divisor of s and v?
10
Let m = 10 + 6. What is the greatest common factor of 24 and m?
8
Let q(f) = -f**2 - 9*f + 8. Let u be q(-7). Let g = 72 - -38. Calculate the highest common divisor of g and u.
22
Suppose -4 = 4*z + 8. Let k = z + 1. Let q be (18/k)/(-1 - 0). What is the highest common divisor of 81 and q?
9
Suppose -2*j - 3*j + 10 = 0. What is the greatest common divisor of 4 and j?
2
Let s = -11 + 21. Let g be 72/((-4)/(-30)*3). Suppose 2*j = -4*h + g, -2*j - j + 2*h = -230. What is the greatest common factor of s and j?
10
Let l(y) = -11 + 5*y - y - 3*y - 1. Let j(z) = -3*z + 37. Let s(c) = -2*j(c) - 7*l(c). Let d be s(0). Calculate the highest common divisor of 110 and d.
10
Suppose 3*p - 255 = -2*x + 4*p, -2*x + 4*p = -240. Let y = 17 - -9. Calculate the highest common factor of y and x.
26
Let n be (39*1)/((-18)/24*-2). Calculate the greatest common divisor of n and 52.
26
Let y = 5 + -7. Let d be -2 + (1 + -3)*y. Let q be d/(-9) - (-303)/27. What is the greatest common divisor of q and 77?
11
Let x(z) = 3*z + 3. Let f be x(8). Suppose 0 = 4*r + r + 3*m - 18, -5*m - 10 = -5*r. What is the highest common factor of r and f?
3
Suppose 0 = -3*w + 4*w + 3*p - 72, -p + 3 = 0. What is the greatest common factor of w and 7?
7
Let j = 107 + -34. Suppose -j = -3*u - 13. Calculate the highest common factor of 180 and u.
20
Suppose -5*z - 2*g = -64, -4*z + 5*z - 3*g = 6. What is the highest common factor of 60 and z?
12
Let x be (5/7 + 1)/((-75)/(-525)). Calculate the greatest common factor of 84 and x.
12
Let t(o) = -o**3 - 9*o**2 - o - 7. Let f be t(-9). Let y be 84/15 - 6/10. Calculate the highest common factor of f and y.
1
Suppose -2*d + 4*d + 2*y = -20, 35 = -4*d - 3*y. Let u be 1 + -2 - (-31 - d). Let l = -12 + u. Calculate the greatest common factor of 13 and l.
13
Suppose 3*x + 4*t + 6 = x, x + 4*t = -3. Let q(c) = -c - 1. Let f be q(x). Let g be (-5 + 3)*(-30)/f. What is the highest common divisor of g and 75?
15
Suppose 0 = -5*d + 20, 4*v + 3*d = -d - 64. Let y = v - -22. What is the greatest common factor of 4 and y?
2
Suppose 5*r = -3*b + 317, 0 = -8*r + 6*r + b + 129. What is the greatest common factor of r and 32?
32
Let y(f) = -f + 5. Let o be y(-5). Let m(k) = -k**2 + k + 25. Let t be m(0). Calculate the highest common divisor of o and t.
5
Let r(i) = -i**3 - 4*i**2 + 2*i - 3. Let t be r(-5). Let q be ((-1)/(-3))/(1/(-3)). Let v = t + q. Calculate the greatest common factor of v and 11.
11
Let j be (-19)/5 - (-3)/(-15). Let d = 1 + j. Let y(r) = -r**3 - r**2 + 3*r - 1. Let t be y(d). Calculate the highest common factor of t and 16.
8
Let x(h) = h + 88. Let g be x(0). Let n(q) = q**2 - 6*q + 4. Let w be n(7). What is the highest common factor of w and g?
11
Suppose -892 = -0*p - 4*p. Let a = 403 - p. Suppose 0 = -2*x - 2*x + a. Calculate the highest common factor of 5 and x.
5
Let r(z) = 2*z - 7. Suppose 0 = 4*g - g. Suppose -9 = -b - g*b. Let o be r(b). What is the greatest common divisor of 88 and o?
11
Let p = 57 + -51. What is the greatest common divisor of p and 12?
6
Let w(y) = 43*y - 1. Suppose -4*l - 1 = -x, 0 = -2*l - 2*x + 21 - 9. Let k be w(l). Calculate the greatest common factor of k and 6.
6
Let d = -2 + 5. Let s = 36 + -21. What is the highest common divisor of d and s?
3
Let u(m) = -m**2 - 14*m - 18. Let k be u(-10). Let l = k - 14. Let q(p) = -4*p - 8. Let a be q(-6). What is the highest common factor of a and l?
8
Suppose -5*m + 40 = 4*d, -d - d - 2*m + 18 = 0. Let h(c) = -c**3 + 5*c**2 + 2*c - 5. Let j be h(d). What is the greatest common factor of j and 55?
5
Let w(h) = 9*h**2 - 3. Let s be w(-3). Calculate the greatest common divisor of 52 and s.
26
Let p be 1/(-1) + -5 + 3. Let a be 4/16 - 53/4. Let r = p - a. What is the highest common divisor of r and 90?
10
Let z = 51 - 45. Calculate the highest common factor of 192 and z.
6
Let r be (2 - 0)*168/(-8)*-1. What is the greatest common divisor of r and 6?
6
Let s = 124 + -95. What is the greatest common factor of 87 and s?
29
Suppose -3*b = 9, m + 3*b + 0*b - 14 = 0. Calculate the highest common factor of m and 184.
23
Let d = -159 + 319. Calculate the highest common divisor of 20 and d.
20
Let y(s) = s - 5. Let v be y(8). Let k = 65 + -32. What is the highest common divisor of v and k?
3
Let q = -78 + 188. Calculate the greatest common factor of 10 and q.
10
Let w(q) = 1 - q**3 - q - 3*q + 7*q - 3*q**2. Let s be w(-2). Let r be (-214)/s + 2/9. Calculate the greatest common factor of 12 and r.
12
Let b(d) = d - 1. Let g(c) = 2*c + 4. Let f(s) = -b(s) + g(s). Let m be f(-6). Let j be -1 + 15/(4 + m). What is the highest common factor of j and 36?
4
Let y = 3 + -1. Suppose y*p = -5 + 41. What is the greatest common divisor of 27 and p?
9
Let h(s) = 22*s**2 + 7*s + 12. Let p be h(-2). What is the greatest common divisor of 2 and p?
2
Suppose -r + 5 = -11. Suppose 3*k + 1 = 4*z + 21, 4*z - r = 0. What is the highest common factor of k and 18?
6
Let p(q) = 3*q**3 - 2*q**3 + 2 - 10 + 2*q + 11*q**2. Let w be p(-6). Calculate the greatest common divisor of 20 and w.
20
Let s = 4 + -9. Let z be 10/(-4)*44/s. What is the greatest common divisor of z and 44?
22
Suppose -17*x + 19*x = 20. Calculate the highest common divisor of 110 and x.
10
Suppose 168 = -4*f + 28. Let r = -25 - f. Let h be (4/(-10))/((-6)/30). Calculate the highest common divisor of h and r.
2
Let b = 33 - 32. What is the highest common factor of b and 5?
1
Suppose 3*r - 25 = 2*z, 1 + 0 = r + 3*z. Suppose f - 3*c - 29 = -0*c, -138 = -4*f + c. What is the highest common factor of f and r?
7
Let o = -54 + 208. Calculate the highest common divisor of o and 14.
14
Suppose 0 = -5*f - 6 + 26. Suppose -3*z + 20 = 4*v, -v + f*z = -2*v + 18. Let m be (-1)/v - (-36)/8. Calculate the greatest common divisor of m and 10.
2
Let d be -3 + (56 + 2 - 0). What is the highest common factor of 11 and d?
11
Let s(o) = 6*o + 17. Let n be s(18). Calculate the highest common factor of 50 and n.
25
Let z(w) = -w**3 + 6*w**2 + 6*w + 10. Let r be z(7). Suppose 32 = -r*o - o. Let f be (-9)/(-6)*o/(-6). Calculate the highest common factor of 4 and f.
2
Let m be (-2 + 66 + 2)/(6/8). Calculate the greatest common factor of 8 and m.
8
Let i be (2 + 1)/(2 - -1). What is the greatest common factor of i and 7?
1
Let j = 4 - 1. Let r = 8 - j. Suppose 330 = 5*z + 5*h, -r*h = 4*z - 3*h - 258. What is the greatest common divisor of 7 and z?
7
Suppose 2*f + 9 = -3. Let z = -8 - f. Let m be 104/10 - z/(-5). Calculate the greatest common divisor of m and 2.
2
Let y(h) = h**3 + h**2 - h. Let s be y(-1). Let p be 4 - 2 - (-1 - s). Suppose 7*i - p*i = 30. Calculate the greatest common factor of i and 5.
5
Suppose 3*g = -4*f - 11, -12 = 2*g - 3*f + f. Let y = g - -12. Calculate the highest common divisor of 70 and y.
7
Suppose -4*c = 10*c - 546. Calculate the greatest common factor of c and 3.
3
Suppose -2 = 3*o - 3*u - u, -4*o - 2*u = -34. Calculate the highest common divisor of 27 and o.
3
Suppose 0 = -4*w + 42 - 14. Let p = 13 - w. Suppose p*s = -3*v + s + 46, 4*s - 6 = 2*v. What is the greatest common divisor of 49 and v?
7
Let t be 24/10 - 4/10. Let x = 142 + t. Suppose -3*z - x - 48 = -m, 0 = m + 3*z - 204. Calculate the greatest common divisor of 18 and m.
18
Let x(o) = -o. Let h be x(0). Let w be -1*2 + 24/3. Suppose h*l - w = -l. Calculate the highest common divisor of l and 18.
6
Let p(n) = -n + 1. Let b be p(1). Let a(l) = -l**2 - l + 1. Let g be a(b). Let q be g - (-86)/4*2. What is the highest common divisor of 22 and q?
22
Suppose 7*o = 2*o - 4*